{"id":3901,"date":"2022-03-27T13:39:01","date_gmt":"2022-03-27T11:39:01","guid":{"rendered":"https:\/\/sp1niepolomice.pl\/?page_id=3901"},"modified":"2024-12-05T13:20:55","modified_gmt":"2024-12-05T12:20:55","slug":"wyniki-konkursow","status":"publish","type":"page","link":"https:\/\/sp1niepolomice.pl\/?page_id=3901","title":{"rendered":"WYNIKI KONKURS\u00d3W"},"content":{"rendered":"\t\t<div data-elementor-type=\"wp-page\" data-elementor-id=\"3901\" class=\"elementor elementor-3901\" data-elementor-settings=\"{&quot;ha_cmc_init_switcher&quot;:&quot;no&quot;}\">\n\t\t\t\t\t\t<section class=\"elementor-section elementor-top-section elementor-element elementor-element-d656613 elementor-section-boxed elementor-section-height-default elementor-section-height-default\" data-id=\"d656613\" data-element_type=\"section\" data-settings=\"{&quot;_ha_eqh_enable&quot;:false}\">\n\t\t\t\t\t\t<div class=\"elementor-container elementor-column-gap-default\">\n\t\t\t\t\t<div class=\"elementor-column elementor-col-100 elementor-top-column elementor-element elementor-element-570a1b7\" data-id=\"570a1b7\" data-element_type=\"column\">\n\t\t\t<div class=\"elementor-widget-wrap elementor-element-populated\">\n\t\t\t\t\t\t<div class=\"elementor-element elementor-element-a2c095f elementor-widget elementor-widget-html\" data-id=\"a2c095f\" data-element_type=\"widget\" data-widget_type=\"html.default\">\n\t\t\t\t<div class=\"elementor-widget-container\">\n\t\t\t\t\t<img decoding=\"async\" src=\"https:\/\/sp1niepolomice.pl\/wp-content\/uploads\/2022\/10\/wyniki-konkursow.gif\" alt=\"Tu podaj tekst alternatywny\">\t\t\t\t<\/div>\n\t\t\t\t<\/div>\n\t\t\t\t<div class=\"elementor-element elementor-element-703605b elementor-widget-divider--view-line elementor-widget elementor-widget-divider\" data-id=\"703605b\" data-element_type=\"widget\" data-widget_type=\"divider.default\">\n\t\t\t\t<div class=\"elementor-widget-container\">\n\t\t\t\t\t\t\t<div class=\"elementor-divider\">\n\t\t\t<span class=\"elementor-divider-separator\">\n\t\t\t\t\t\t<\/span>\n\t\t<\/div>\n\t\t\t\t\t\t<\/div>\n\t\t\t\t<\/div>\n\t\t\t\t<div class=\"elementor-element elementor-element-ad9aab7 elementor-widget elementor-widget-text-editor\" data-id=\"ad9aab7\" data-element_type=\"widget\" data-widget_type=\"text-editor.default\">\n\t\t\t\t<div class=\"elementor-widget-container\">\n\t\t\t\t\t\t\t\t\t<h4 style=\"text-align: center;\">ROK SZKOLNY 2024\/2025<\/h4><h4 style=\"text-align: center;\">ROK SZKOLNY 2023\/2024<\/h4>\t\t\t\t\t\t\t\t<\/div>\n\t\t\t\t<\/div>\n\t\t\t\t\t<\/div>\n\t\t<\/div>\n\t\t\t\t\t<\/div>\n\t\t<\/section>\n\t\t\t\t<section class=\"elementor-section elementor-top-section elementor-element elementor-element-fb5a56e elementor-section-boxed elementor-section-height-default elementor-section-height-default\" data-id=\"fb5a56e\" data-element_type=\"section\" data-settings=\"{&quot;_ha_eqh_enable&quot;:false}\">\n\t\t\t\t\t\t<div class=\"elementor-container elementor-column-gap-default\">\n\t\t\t\t\t<div class=\"elementor-column elementor-col-100 elementor-top-column elementor-element elementor-element-b40824b\" data-id=\"b40824b\" data-element_type=\"column\">\n\t\t\t<div class=\"elementor-widget-wrap elementor-element-populated\">\n\t\t\t\t\t\t<div class=\"elementor-element elementor-element-854a635 elementor-widget elementor-widget-ha-post-tab happy-addon ha-post-tab\" data-id=\"854a635\" data-element_type=\"widget\" data-widget_type=\"ha-post-tab.default\">\n\t\t\t\t<div class=\"elementor-widget-container\">\n\t\t\t\t\t\t\t\t<div class=\"ha-post-tab ha-post-tab-top ha-post-tab-grid- ha-post-tab-grid-tablet-3 ha-post-tab-grid-mobile-1\" data-query-args=\"{&quot;post_type&quot;:&quot;post&quot;,&quot;taxonomy&quot;:&quot;category&quot;,&quot;item_limit&quot;:40,&quot;orderby&quot;:&quot;date&quot;,&quot;order&quot;:&quot;desc&quot;,&quot;show_user_meta&quot;:&quot;no&quot;,&quot;show_date_meta&quot;:&quot;yes&quot;,&quot;excerpt&quot;:&quot;yes&quot;,&quot;title_tag&quot;:&quot;h3&quot;}\" data-event=\"click\">\n\t\t\t\t<ul class=\"ha-post-tab-filter ha-text--center\">\n\t\t\t\t\t\t\t\t\t\t\t\t\t\t\t\t\t\t<li class=\"active\"\n\t\t\t\t\t\t\t\tdata-term=\"44\">Wyniki konkurs\u00f3w<\/li>\n\t\t\t\t\t\t\t\t\t\t\t\t\t\t\t<\/ul>\n\t\t\t\t<div class=\"ha-post-tab-content\">\n\t\t\t\t\t<div class=\"ha-post-tab-item-wrapper active\"\t\t\t\t\t\tdata-term=\" 44\">\n\t\t\t\t\t\t\t\t\t\t\t\t\t<div class=\"ha-post-tab-item\">\n\t\t\t\t\t\t\t\t<div class=\"ha-post-tab-item-inner\">\n\t\t\t\t\t\t\t\t\t\t\t\t\t\t\t\t\t\t\t<a href=\"https:\/\/sp1niepolomice.pl\/?p=13170\"\n\t\t\t\t\t\t\t\t\t\t   class=\"ha-post-tab-thumb\">\n\t\t\t\t\t\t\t\t\t\t\t<img fetchpriority=\"high\" decoding=\"async\" width=\"1920\" height=\"1080\" src=\"https:\/\/sp1niepolomice.pl\/wp-content\/uploads\/2026\/03\/644267206_1423975376188639_7888867243692093930_n.jpg\" class=\"attachment-full size-full wp-post-image\" alt=\"\" srcset=\"https:\/\/sp1niepolomice.pl\/wp-content\/uploads\/2026\/03\/644267206_1423975376188639_7888867243692093930_n.jpg 1920w, https:\/\/sp1niepolomice.pl\/wp-content\/uploads\/2026\/03\/644267206_1423975376188639_7888867243692093930_n-300x169.jpg 300w, https:\/\/sp1niepolomice.pl\/wp-content\/uploads\/2026\/03\/644267206_1423975376188639_7888867243692093930_n-1024x576.jpg 1024w, https:\/\/sp1niepolomice.pl\/wp-content\/uploads\/2026\/03\/644267206_1423975376188639_7888867243692093930_n-768x432.jpg 768w, https:\/\/sp1niepolomice.pl\/wp-content\/uploads\/2026\/03\/644267206_1423975376188639_7888867243692093930_n-1536x864.jpg 1536w\" sizes=\"(max-width: 1920px) 100vw, 1920px\" \/>\t\t\t\t\t\t\t\t\t\t<\/a>\n\t\t\t\t\t\t\t\t\t\t\t\t\t\t\t\t\t\t<h3 class=\"ha-post-tab-title\"><a href=\"https:\/\/sp1niepolomice.pl\/?p=13170\">GMINNY KONKURS PI\u0118KNEGO CZYTANIA<\/a><\/h3>\n\t\t\t\t\t\t\t\t\t\t\t\t\t\t\t\t\t\t\t\t<div class=\"ha-post-tab-meta\">\n\t\t\t\t\t\t\t\t\t\t\t\t\n\n\t\t\t\t\t\t\t\t\t\t\t\t\n\t\t\t\t\t\t\t\t\t\t\t\t\t<span class=\"ha-post-tab-meta-date\">\n\t\t\t\t\t\t\t\t\t\t\t\t\t\t<i class=\"fa fa-calendar-o\"><\/i>\n\t\t\t\t\t\t\t\t\t\t\t\t\t\t<a href=\"https:\/\/sp1niepolomice.pl\/?m=20260303\">\n\t\t\t\t\t\t\t\t\t\t\t\t\t\t3 marca 2026\t\t\t\t\t\t\t\t\t\t\t\t\t\t<\/a>\n\t\t\t\t\t\t\t\t\t\t\t\t\t<\/span>\n\n\t\t\t\t\t\t\t\t\t\t\t\t\n\t\t\t\t\t\t\t\t\t\t\t<\/div>\n\t\t\t\t\t\t\t\t\t\n\t\t\t\t\t\t\t\t\t\t\t\t\t\t\t\t\t<\/div>\n\t\t\t\t\t\t\t<\/div>\n\t\t\t\t\t\t\t\t\t\t\t\t\t\t<div class=\"ha-post-tab-item\">\n\t\t\t\t\t\t\t\t<div class=\"ha-post-tab-item-inner\">\n\t\t\t\t\t\t\t\t\t\t\t\t\t\t\t\t\t\t\t<a href=\"https:\/\/sp1niepolomice.pl\/?p=13161\"\n\t\t\t\t\t\t\t\t\t\t   class=\"ha-post-tab-thumb\">\n\t\t\t\t\t\t\t\t\t\t\t<img decoding=\"async\" width=\"1600\" height=\"1200\" src=\"https:\/\/sp1niepolomice.pl\/wp-content\/uploads\/2026\/03\/644250403_1424744692778374_3816589466430962195_n.jpg\" class=\"attachment-full size-full wp-post-image\" alt=\"\" srcset=\"https:\/\/sp1niepolomice.pl\/wp-content\/uploads\/2026\/03\/644250403_1424744692778374_3816589466430962195_n.jpg 1600w, https:\/\/sp1niepolomice.pl\/wp-content\/uploads\/2026\/03\/644250403_1424744692778374_3816589466430962195_n-300x225.jpg 300w, https:\/\/sp1niepolomice.pl\/wp-content\/uploads\/2026\/03\/644250403_1424744692778374_3816589466430962195_n-1024x768.jpg 1024w, https:\/\/sp1niepolomice.pl\/wp-content\/uploads\/2026\/03\/644250403_1424744692778374_3816589466430962195_n-768x576.jpg 768w, https:\/\/sp1niepolomice.pl\/wp-content\/uploads\/2026\/03\/644250403_1424744692778374_3816589466430962195_n-1536x1152.jpg 1536w\" sizes=\"(max-width: 1600px) 100vw, 1600px\" \/>\t\t\t\t\t\t\t\t\t\t<\/a>\n\t\t\t\t\t\t\t\t\t\t\t\t\t\t\t\t\t\t<h3 class=\"ha-post-tab-title\"><a href=\"https:\/\/sp1niepolomice.pl\/?p=13161\">WIELKI SUKCES NASZYCH UCZENNIC<\/a><\/h3>\n\t\t\t\t\t\t\t\t\t\t\t\t\t\t\t\t\t\t\t\t<div class=\"ha-post-tab-meta\">\n\t\t\t\t\t\t\t\t\t\t\t\t\n\n\t\t\t\t\t\t\t\t\t\t\t\t\n\t\t\t\t\t\t\t\t\t\t\t\t\t<span class=\"ha-post-tab-meta-date\">\n\t\t\t\t\t\t\t\t\t\t\t\t\t\t<i class=\"fa fa-calendar-o\"><\/i>\n\t\t\t\t\t\t\t\t\t\t\t\t\t\t<a href=\"https:\/\/sp1niepolomice.pl\/?m=20260303\">\n\t\t\t\t\t\t\t\t\t\t\t\t\t\t3 marca 2026\t\t\t\t\t\t\t\t\t\t\t\t\t\t<\/a>\n\t\t\t\t\t\t\t\t\t\t\t\t\t<\/span>\n\n\t\t\t\t\t\t\t\t\t\t\t\t\n\t\t\t\t\t\t\t\t\t\t\t<\/div>\n\t\t\t\t\t\t\t\t\t\n\t\t\t\t\t\t\t\t\t\t\t\t\t\t\t\t\t<\/div>\n\t\t\t\t\t\t\t<\/div>\n\t\t\t\t\t\t\t\t\t\t\t\t\t\t<div class=\"ha-post-tab-item\">\n\t\t\t\t\t\t\t\t<div class=\"ha-post-tab-item-inner\">\n\t\t\t\t\t\t\t\t\t\t\t\t\t\t\t\t\t\t\t<a href=\"https:\/\/sp1niepolomice.pl\/?p=13001\"\n\t\t\t\t\t\t\t\t\t\t   class=\"ha-post-tab-thumb\">\n\t\t\t\t\t\t\t\t\t\t\t<img decoding=\"async\" width=\"1200\" height=\"800\" src=\"https:\/\/sp1niepolomice.pl\/wp-content\/uploads\/2026\/02\/IMG_5050.jpg\" class=\"attachment-full size-full wp-post-image\" alt=\"\" srcset=\"https:\/\/sp1niepolomice.pl\/wp-content\/uploads\/2026\/02\/IMG_5050.jpg 1200w, https:\/\/sp1niepolomice.pl\/wp-content\/uploads\/2026\/02\/IMG_5050-300x200.jpg 300w, https:\/\/sp1niepolomice.pl\/wp-content\/uploads\/2026\/02\/IMG_5050-1024x683.jpg 1024w, https:\/\/sp1niepolomice.pl\/wp-content\/uploads\/2026\/02\/IMG_5050-768x512.jpg 768w\" sizes=\"(max-width: 1200px) 100vw, 1200px\" \/>\t\t\t\t\t\t\t\t\t\t<\/a>\n\t\t\t\t\t\t\t\t\t\t\t\t\t\t\t\t\t\t<h3 class=\"ha-post-tab-title\"><a href=\"https:\/\/sp1niepolomice.pl\/?p=13001\">Uroczyste rozdanie nagr\u00f3d \u2013 IV Gminny Rodzinny Konkurs Szopek Krakowskich<\/a><\/h3>\n\t\t\t\t\t\t\t\t\t\t\t\t\t\t\t\t\t\t\t\t<div class=\"ha-post-tab-meta\">\n\t\t\t\t\t\t\t\t\t\t\t\t\n\n\t\t\t\t\t\t\t\t\t\t\t\t\n\t\t\t\t\t\t\t\t\t\t\t\t\t<span class=\"ha-post-tab-meta-date\">\n\t\t\t\t\t\t\t\t\t\t\t\t\t\t<i class=\"fa fa-calendar-o\"><\/i>\n\t\t\t\t\t\t\t\t\t\t\t\t\t\t<a href=\"https:\/\/sp1niepolomice.pl\/?m=20260202\">\n\t\t\t\t\t\t\t\t\t\t\t\t\t\t2 lutego 2026\t\t\t\t\t\t\t\t\t\t\t\t\t\t<\/a>\n\t\t\t\t\t\t\t\t\t\t\t\t\t<\/span>\n\n\t\t\t\t\t\t\t\t\t\t\t\t\n\t\t\t\t\t\t\t\t\t\t\t<\/div>\n\t\t\t\t\t\t\t\t\t\n\t\t\t\t\t\t\t\t\t\t\t\t\t\t\t\t\t<\/div>\n\t\t\t\t\t\t\t<\/div>\n\t\t\t\t\t\t\t\t\t\t\t\t\t\t<div class=\"ha-post-tab-item\">\n\t\t\t\t\t\t\t\t<div class=\"ha-post-tab-item-inner\">\n\t\t\t\t\t\t\t\t\t\t\t\t\t\t\t\t\t\t\t<a href=\"https:\/\/sp1niepolomice.pl\/?p=12775\"\n\t\t\t\t\t\t\t\t\t\t   class=\"ha-post-tab-thumb\">\n\t\t\t\t\t\t\t\t\t\t\t<img loading=\"lazy\" decoding=\"async\" width=\"2048\" height=\"1536\" src=\"https:\/\/sp1niepolomice.pl\/wp-content\/uploads\/2025\/12\/600280028_1363656545553856_9149167671476743193_n.jpg\" class=\"attachment-full size-full wp-post-image\" alt=\"\" srcset=\"https:\/\/sp1niepolomice.pl\/wp-content\/uploads\/2025\/12\/600280028_1363656545553856_9149167671476743193_n.jpg 2048w, https:\/\/sp1niepolomice.pl\/wp-content\/uploads\/2025\/12\/600280028_1363656545553856_9149167671476743193_n-300x225.jpg 300w, https:\/\/sp1niepolomice.pl\/wp-content\/uploads\/2025\/12\/600280028_1363656545553856_9149167671476743193_n-1024x768.jpg 1024w, https:\/\/sp1niepolomice.pl\/wp-content\/uploads\/2025\/12\/600280028_1363656545553856_9149167671476743193_n-768x576.jpg 768w, https:\/\/sp1niepolomice.pl\/wp-content\/uploads\/2025\/12\/600280028_1363656545553856_9149167671476743193_n-1536x1152.jpg 1536w\" sizes=\"(max-width: 2048px) 100vw, 2048px\" \/>\t\t\t\t\t\t\t\t\t\t<\/a>\n\t\t\t\t\t\t\t\t\t\t\t\t\t\t\t\t\t\t<h3 class=\"ha-post-tab-title\"><a href=\"https:\/\/sp1niepolomice.pl\/?p=12775\">Szkolny Konkurs Kol\u0119d i Pastora\u0142ek<\/a><\/h3>\n\t\t\t\t\t\t\t\t\t\t\t\t\t\t\t\t\t\t\t\t<div class=\"ha-post-tab-meta\">\n\t\t\t\t\t\t\t\t\t\t\t\t\n\n\t\t\t\t\t\t\t\t\t\t\t\t\n\t\t\t\t\t\t\t\t\t\t\t\t\t<span class=\"ha-post-tab-meta-date\">\n\t\t\t\t\t\t\t\t\t\t\t\t\t\t<i class=\"fa fa-calendar-o\"><\/i>\n\t\t\t\t\t\t\t\t\t\t\t\t\t\t<a href=\"https:\/\/sp1niepolomice.pl\/?m=20251216\">\n\t\t\t\t\t\t\t\t\t\t\t\t\t\t16 grudnia 2025\t\t\t\t\t\t\t\t\t\t\t\t\t\t<\/a>\n\t\t\t\t\t\t\t\t\t\t\t\t\t<\/span>\n\n\t\t\t\t\t\t\t\t\t\t\t\t\n\t\t\t\t\t\t\t\t\t\t\t<\/div>\n\t\t\t\t\t\t\t\t\t\n\t\t\t\t\t\t\t\t\t\t\t\t\t\t\t\t\t<\/div>\n\t\t\t\t\t\t\t<\/div>\n\t\t\t\t\t\t\t\t\t\t\t\t\t\t<div class=\"ha-post-tab-item\">\n\t\t\t\t\t\t\t\t<div class=\"ha-post-tab-item-inner\">\n\t\t\t\t\t\t\t\t\t\t\t\t\t\t\t\t\t\t\t<a href=\"https:\/\/sp1niepolomice.pl\/?p=12704\"\n\t\t\t\t\t\t\t\t\t\t   class=\"ha-post-tab-thumb\">\n\t\t\t\t\t\t\t\t\t\t\t<img loading=\"lazy\" decoding=\"async\" width=\"1416\" height=\"1898\" src=\"https:\/\/sp1niepolomice.pl\/wp-content\/uploads\/2025\/11\/587531078_1348005247118986_1074259212366670174_n.jpg\" class=\"attachment-full size-full wp-post-image\" alt=\"\" srcset=\"https:\/\/sp1niepolomice.pl\/wp-content\/uploads\/2025\/11\/587531078_1348005247118986_1074259212366670174_n.jpg 1416w, https:\/\/sp1niepolomice.pl\/wp-content\/uploads\/2025\/11\/587531078_1348005247118986_1074259212366670174_n-224x300.jpg 224w, https:\/\/sp1niepolomice.pl\/wp-content\/uploads\/2025\/11\/587531078_1348005247118986_1074259212366670174_n-764x1024.jpg 764w, https:\/\/sp1niepolomice.pl\/wp-content\/uploads\/2025\/11\/587531078_1348005247118986_1074259212366670174_n-768x1029.jpg 768w, https:\/\/sp1niepolomice.pl\/wp-content\/uploads\/2025\/11\/587531078_1348005247118986_1074259212366670174_n-1146x1536.jpg 1146w\" sizes=\"(max-width: 1416px) 100vw, 1416px\" \/>\t\t\t\t\t\t\t\t\t\t<\/a>\n\t\t\t\t\t\t\t\t\t\t\t\t\t\t\t\t\t\t<h3 class=\"ha-post-tab-title\"><a href=\"https:\/\/sp1niepolomice.pl\/?p=12704\">Wyniki konkursu &quot;Jesienna ozdoba&quot;<\/a><\/h3>\n\t\t\t\t\t\t\t\t\t\t\t\t\t\t\t\t\t\t\t\t<div class=\"ha-post-tab-meta\">\n\t\t\t\t\t\t\t\t\t\t\t\t\n\n\t\t\t\t\t\t\t\t\t\t\t\t\n\t\t\t\t\t\t\t\t\t\t\t\t\t<span class=\"ha-post-tab-meta-date\">\n\t\t\t\t\t\t\t\t\t\t\t\t\t\t<i class=\"fa fa-calendar-o\"><\/i>\n\t\t\t\t\t\t\t\t\t\t\t\t\t\t<a href=\"https:\/\/sp1niepolomice.pl\/?m=20251125\">\n\t\t\t\t\t\t\t\t\t\t\t\t\t\t25 listopada 2025\t\t\t\t\t\t\t\t\t\t\t\t\t\t<\/a>\n\t\t\t\t\t\t\t\t\t\t\t\t\t<\/span>\n\n\t\t\t\t\t\t\t\t\t\t\t\t\n\t\t\t\t\t\t\t\t\t\t\t<\/div>\n\t\t\t\t\t\t\t\t\t\n\t\t\t\t\t\t\t\t\t\t\t\t\t\t\t\t\t<\/div>\n\t\t\t\t\t\t\t<\/div>\n\t\t\t\t\t\t\t\t\t\t\t\t\t\t<div class=\"ha-post-tab-item\">\n\t\t\t\t\t\t\t\t<div class=\"ha-post-tab-item-inner\">\n\t\t\t\t\t\t\t\t\t\t\t\t\t\t\t\t\t\t\t<a href=\"https:\/\/sp1niepolomice.pl\/?p=12660\"\n\t\t\t\t\t\t\t\t\t\t   class=\"ha-post-tab-thumb\">\n\t\t\t\t\t\t\t\t\t\t\t<img loading=\"lazy\" decoding=\"async\" width=\"2048\" height=\"2048\" src=\"https:\/\/sp1niepolomice.pl\/wp-content\/uploads\/2025\/11\/586914714_1348003663785811_2354891239167518123_n-1.jpg\" class=\"attachment-full size-full wp-post-image\" alt=\"\" srcset=\"https:\/\/sp1niepolomice.pl\/wp-content\/uploads\/2025\/11\/586914714_1348003663785811_2354891239167518123_n-1.jpg 2048w, https:\/\/sp1niepolomice.pl\/wp-content\/uploads\/2025\/11\/586914714_1348003663785811_2354891239167518123_n-1-300x300.jpg 300w, https:\/\/sp1niepolomice.pl\/wp-content\/uploads\/2025\/11\/586914714_1348003663785811_2354891239167518123_n-1-1024x1024.jpg 1024w, https:\/\/sp1niepolomice.pl\/wp-content\/uploads\/2025\/11\/586914714_1348003663785811_2354891239167518123_n-1-150x150.jpg 150w, https:\/\/sp1niepolomice.pl\/wp-content\/uploads\/2025\/11\/586914714_1348003663785811_2354891239167518123_n-1-768x768.jpg 768w, https:\/\/sp1niepolomice.pl\/wp-content\/uploads\/2025\/11\/586914714_1348003663785811_2354891239167518123_n-1-1536x1536.jpg 1536w\" sizes=\"(max-width: 2048px) 100vw, 2048px\" \/>\t\t\t\t\t\t\t\t\t\t<\/a>\n\t\t\t\t\t\t\t\t\t\t\t\t\t\t\t\t\t\t<h3 class=\"ha-post-tab-title\"><a href=\"https:\/\/sp1niepolomice.pl\/?p=12660\">Wyniki konkursu recytatorskiego &quot;Polska moja ojczyzna&quot;<\/a><\/h3>\n\t\t\t\t\t\t\t\t\t\t\t\t\t\t\t\t\t\t\t\t<div class=\"ha-post-tab-meta\">\n\t\t\t\t\t\t\t\t\t\t\t\t\n\n\t\t\t\t\t\t\t\t\t\t\t\t\n\t\t\t\t\t\t\t\t\t\t\t\t\t<span class=\"ha-post-tab-meta-date\">\n\t\t\t\t\t\t\t\t\t\t\t\t\t\t<i class=\"fa fa-calendar-o\"><\/i>\n\t\t\t\t\t\t\t\t\t\t\t\t\t\t<a href=\"https:\/\/sp1niepolomice.pl\/?m=20251125\">\n\t\t\t\t\t\t\t\t\t\t\t\t\t\t25 listopada 2025\t\t\t\t\t\t\t\t\t\t\t\t\t\t<\/a>\n\t\t\t\t\t\t\t\t\t\t\t\t\t<\/span>\n\n\t\t\t\t\t\t\t\t\t\t\t\t\n\t\t\t\t\t\t\t\t\t\t\t<\/div>\n\t\t\t\t\t\t\t\t\t\n\t\t\t\t\t\t\t\t\t\t\t\t\t\t\t\t\t<\/div>\n\t\t\t\t\t\t\t<\/div>\n\t\t\t\t\t\t\t\t\t\t\t\t\t\t<div class=\"ha-post-tab-item\">\n\t\t\t\t\t\t\t\t<div class=\"ha-post-tab-item-inner\">\n\t\t\t\t\t\t\t\t\t\t\t\t\t\t\t\t\t\t\t<a href=\"https:\/\/sp1niepolomice.pl\/?p=12476\"\n\t\t\t\t\t\t\t\t\t\t   class=\"ha-post-tab-thumb\">\n\t\t\t\t\t\t\t\t\t\t\t<img loading=\"lazy\" decoding=\"async\" width=\"900\" height=\"1600\" src=\"https:\/\/sp1niepolomice.pl\/wp-content\/uploads\/2025\/10\/569586637_1321298883122956_8012819397165002436_n.jpg\" class=\"attachment-full size-full wp-post-image\" alt=\"\" srcset=\"https:\/\/sp1niepolomice.pl\/wp-content\/uploads\/2025\/10\/569586637_1321298883122956_8012819397165002436_n.jpg 900w, https:\/\/sp1niepolomice.pl\/wp-content\/uploads\/2025\/10\/569586637_1321298883122956_8012819397165002436_n-169x300.jpg 169w, https:\/\/sp1niepolomice.pl\/wp-content\/uploads\/2025\/10\/569586637_1321298883122956_8012819397165002436_n-576x1024.jpg 576w, https:\/\/sp1niepolomice.pl\/wp-content\/uploads\/2025\/10\/569586637_1321298883122956_8012819397165002436_n-768x1365.jpg 768w, https:\/\/sp1niepolomice.pl\/wp-content\/uploads\/2025\/10\/569586637_1321298883122956_8012819397165002436_n-864x1536.jpg 864w\" sizes=\"(max-width: 900px) 100vw, 900px\" \/>\t\t\t\t\t\t\t\t\t\t<\/a>\n\t\t\t\t\t\t\t\t\t\t\t\t\t\t\t\t\t\t<h3 class=\"ha-post-tab-title\"><a href=\"https:\/\/sp1niepolomice.pl\/?p=12476\">Wyniki konkursu plastyczno - technicznego &quot;Zwariowane pojazdy&quot;:<\/a><\/h3>\n\t\t\t\t\t\t\t\t\t\t\t\t\t\t\t\t\t\t\t\t<div class=\"ha-post-tab-meta\">\n\t\t\t\t\t\t\t\t\t\t\t\t\n\n\t\t\t\t\t\t\t\t\t\t\t\t\n\t\t\t\t\t\t\t\t\t\t\t\t\t<span class=\"ha-post-tab-meta-date\">\n\t\t\t\t\t\t\t\t\t\t\t\t\t\t<i class=\"fa fa-calendar-o\"><\/i>\n\t\t\t\t\t\t\t\t\t\t\t\t\t\t<a href=\"https:\/\/sp1niepolomice.pl\/?m=20251024\">\n\t\t\t\t\t\t\t\t\t\t\t\t\t\t24 pa\u017adziernika 2025\t\t\t\t\t\t\t\t\t\t\t\t\t\t<\/a>\n\t\t\t\t\t\t\t\t\t\t\t\t\t<\/span>\n\n\t\t\t\t\t\t\t\t\t\t\t\t\n\t\t\t\t\t\t\t\t\t\t\t<\/div>\n\t\t\t\t\t\t\t\t\t\n\t\t\t\t\t\t\t\t\t\t\t\t\t\t\t\t\t<\/div>\n\t\t\t\t\t\t\t<\/div>\n\t\t\t\t\t\t\t\t\t\t\t\t\t\t<div class=\"ha-post-tab-item\">\n\t\t\t\t\t\t\t\t<div class=\"ha-post-tab-item-inner\">\n\t\t\t\t\t\t\t\t\t\t\t\t\t\t\t\t\t\t\t<a href=\"https:\/\/sp1niepolomice.pl\/?p=5742\"\n\t\t\t\t\t\t\t\t\t\t   class=\"ha-post-tab-thumb\">\n\t\t\t\t\t\t\t\t\t\t\t<img loading=\"lazy\" decoding=\"async\" width=\"225\" height=\"225\" src=\"https:\/\/sp1niepolomice.pl\/wp-content\/uploads\/2022\/11\/249082016_623794741987811_8728947166313391139_n.jpg\" class=\"attachment-full size-full wp-post-image\" alt=\"\" srcset=\"https:\/\/sp1niepolomice.pl\/wp-content\/uploads\/2022\/11\/249082016_623794741987811_8728947166313391139_n.jpg 225w, https:\/\/sp1niepolomice.pl\/wp-content\/uploads\/2022\/11\/249082016_623794741987811_8728947166313391139_n-150x150.jpg 150w\" sizes=\"(max-width: 225px) 100vw, 225px\" \/>\t\t\t\t\t\t\t\t\t\t<\/a>\n\t\t\t\t\t\t\t\t\t\t\t\t\t\t\t\t\t\t<h3 class=\"ha-post-tab-title\"><a href=\"https:\/\/sp1niepolomice.pl\/?p=5742\">Konkurs ta\u0144ca<\/a><\/h3>\n\t\t\t\t\t\t\t\t\t\t\t\t\t\t\t\t\t\t\t\t<div class=\"ha-post-tab-meta\">\n\t\t\t\t\t\t\t\t\t\t\t\t\n\n\t\t\t\t\t\t\t\t\t\t\t\t\n\t\t\t\t\t\t\t\t\t\t\t\t\t<span class=\"ha-post-tab-meta-date\">\n\t\t\t\t\t\t\t\t\t\t\t\t\t\t<i class=\"fa fa-calendar-o\"><\/i>\n\t\t\t\t\t\t\t\t\t\t\t\t\t\t<a href=\"https:\/\/sp1niepolomice.pl\/?m=20221114\">\n\t\t\t\t\t\t\t\t\t\t\t\t\t\t14 listopada 2022\t\t\t\t\t\t\t\t\t\t\t\t\t\t<\/a>\n\t\t\t\t\t\t\t\t\t\t\t\t\t<\/span>\n\n\t\t\t\t\t\t\t\t\t\t\t\t\n\t\t\t\t\t\t\t\t\t\t\t<\/div>\n\t\t\t\t\t\t\t\t\t\n\t\t\t\t\t\t\t\t\t\t\t\t\t\t\t\t\t<\/div>\n\t\t\t\t\t\t\t<\/div>\n\t\t\t\t\t\t\t\t\t\t\t\t\t\t<div class=\"ha-post-tab-item\">\n\t\t\t\t\t\t\t\t<div class=\"ha-post-tab-item-inner\">\n\t\t\t\t\t\t\t\t\t\t\t\t\t\t\t\t\t\t\t<a href=\"https:\/\/sp1niepolomice.pl\/?p=5707\"\n\t\t\t\t\t\t\t\t\t\t   class=\"ha-post-tab-thumb\">\n\t\t\t\t\t\t\t\t\t\t\t<img loading=\"lazy\" decoding=\"async\" width=\"1024\" height=\"1024\" src=\"https:\/\/sp1niepolomice.pl\/wp-content\/uploads\/2022\/11\/krolowa.jpg\" class=\"attachment-full size-full wp-post-image\" alt=\"\" srcset=\"https:\/\/sp1niepolomice.pl\/wp-content\/uploads\/2022\/11\/krolowa.jpg 1024w, https:\/\/sp1niepolomice.pl\/wp-content\/uploads\/2022\/11\/krolowa-300x300.jpg 300w, https:\/\/sp1niepolomice.pl\/wp-content\/uploads\/2022\/11\/krolowa-150x150.jpg 150w, https:\/\/sp1niepolomice.pl\/wp-content\/uploads\/2022\/11\/krolowa-768x768.jpg 768w\" sizes=\"(max-width: 1024px) 100vw, 1024px\" \/>\t\t\t\t\t\t\t\t\t\t<\/a>\n\t\t\t\t\t\t\t\t\t\t\t\t\t\t\t\t\t\t<h3 class=\"ha-post-tab-title\"><a href=\"https:\/\/sp1niepolomice.pl\/?p=5707\">Rozstrzygni\u0119cie konkursu QUEEN ELIZABETH II and the BRITISH ROYAL FAMILY<\/a><\/h3>\n\t\t\t\t\t\t\t\t\t\t\t\t\t\t\t\t\t\t\t\t<div class=\"ha-post-tab-meta\">\n\t\t\t\t\t\t\t\t\t\t\t\t\n\n\t\t\t\t\t\t\t\t\t\t\t\t\n\t\t\t\t\t\t\t\t\t\t\t\t\t<span class=\"ha-post-tab-meta-date\">\n\t\t\t\t\t\t\t\t\t\t\t\t\t\t<i class=\"fa fa-calendar-o\"><\/i>\n\t\t\t\t\t\t\t\t\t\t\t\t\t\t<a href=\"https:\/\/sp1niepolomice.pl\/?m=20221109\">\n\t\t\t\t\t\t\t\t\t\t\t\t\t\t9 listopada 2022\t\t\t\t\t\t\t\t\t\t\t\t\t\t<\/a>\n\t\t\t\t\t\t\t\t\t\t\t\t\t<\/span>\n\n\t\t\t\t\t\t\t\t\t\t\t\t\n\t\t\t\t\t\t\t\t\t\t\t<\/div>\n\t\t\t\t\t\t\t\t\t\n\t\t\t\t\t\t\t\t\t\t\t\t\t\t\t\t\t<\/div>\n\t\t\t\t\t\t\t<\/div>\n\t\t\t\t\t\t\t\t\t\t\t\t\t\t<div class=\"ha-post-tab-item\">\n\t\t\t\t\t\t\t\t<div class=\"ha-post-tab-item-inner\">\n\t\t\t\t\t\t\t\t\t\t\t\t\t\t\t\t\t\t\t<a href=\"https:\/\/sp1niepolomice.pl\/?p=5670\"\n\t\t\t\t\t\t\t\t\t\t   class=\"ha-post-tab-thumb\">\n\t\t\t\t\t\t\t\t\t\t\t<img loading=\"lazy\" decoding=\"async\" width=\"2560\" height=\"1920\" src=\"https:\/\/sp1niepolomice.pl\/wp-content\/uploads\/2022\/11\/IMG20221031134812-scaled.jpg\" class=\"attachment-full size-full wp-post-image\" alt=\"\" srcset=\"https:\/\/sp1niepolomice.pl\/wp-content\/uploads\/2022\/11\/IMG20221031134812-scaled.jpg 2560w, https:\/\/sp1niepolomice.pl\/wp-content\/uploads\/2022\/11\/IMG20221031134812-300x225.jpg 300w, https:\/\/sp1niepolomice.pl\/wp-content\/uploads\/2022\/11\/IMG20221031134812-1024x768.jpg 1024w, https:\/\/sp1niepolomice.pl\/wp-content\/uploads\/2022\/11\/IMG20221031134812-768x576.jpg 768w, https:\/\/sp1niepolomice.pl\/wp-content\/uploads\/2022\/11\/IMG20221031134812-1536x1152.jpg 1536w, https:\/\/sp1niepolomice.pl\/wp-content\/uploads\/2022\/11\/IMG20221031134812-2048x1536.jpg 2048w\" sizes=\"(max-width: 2560px) 100vw, 2560px\" \/>\t\t\t\t\t\t\t\t\t\t<\/a>\n\t\t\t\t\t\t\t\t\t\t\t\t\t\t\t\t\t\t<h3 class=\"ha-post-tab-title\"><a href=\"https:\/\/sp1niepolomice.pl\/?p=5670\">&lt;strong&gt;ROZSTRZYGNI\u0118CIE KONKURSU J\u0118ZYKOWO-PLASTYCZNEGO KLAS IV-VI&lt;\/strong&gt;<\/a><\/h3>\n\t\t\t\t\t\t\t\t\t\t\t\t\t\t\t\t\t\t\t\t<div class=\"ha-post-tab-meta\">\n\t\t\t\t\t\t\t\t\t\t\t\t\n\n\t\t\t\t\t\t\t\t\t\t\t\t\n\t\t\t\t\t\t\t\t\t\t\t\t\t<span class=\"ha-post-tab-meta-date\">\n\t\t\t\t\t\t\t\t\t\t\t\t\t\t<i class=\"fa fa-calendar-o\"><\/i>\n\t\t\t\t\t\t\t\t\t\t\t\t\t\t<a href=\"https:\/\/sp1niepolomice.pl\/?m=20221103\">\n\t\t\t\t\t\t\t\t\t\t\t\t\t\t3 listopada 2022\t\t\t\t\t\t\t\t\t\t\t\t\t\t<\/a>\n\t\t\t\t\t\t\t\t\t\t\t\t\t<\/span>\n\n\t\t\t\t\t\t\t\t\t\t\t\t\n\t\t\t\t\t\t\t\t\t\t\t<\/div>\n\t\t\t\t\t\t\t\t\t\n\t\t\t\t\t\t\t\t\t\t\t\t\t\t\t\t\t<\/div>\n\t\t\t\t\t\t\t<\/div>\n\t\t\t\t\t\t\t\t\t\t\t\t\t\t<div class=\"ha-post-tab-item\">\n\t\t\t\t\t\t\t\t<div class=\"ha-post-tab-item-inner\">\n\t\t\t\t\t\t\t\t\t\t\t\t\t\t\t\t\t\t\t<a href=\"https:\/\/sp1niepolomice.pl\/?p=5513\"\n\t\t\t\t\t\t\t\t\t\t   class=\"ha-post-tab-thumb\">\n\t\t\t\t\t\t\t\t\t\t\t<img loading=\"lazy\" decoding=\"async\" width=\"1140\" height=\"641\" src=\"https:\/\/sp1niepolomice.pl\/wp-content\/uploads\/2022\/10\/znaki-drogowe.jpg\" class=\"attachment-full size-full wp-post-image\" alt=\"\" srcset=\"https:\/\/sp1niepolomice.pl\/wp-content\/uploads\/2022\/10\/znaki-drogowe.jpg 1140w, https:\/\/sp1niepolomice.pl\/wp-content\/uploads\/2022\/10\/znaki-drogowe-300x169.jpg 300w, https:\/\/sp1niepolomice.pl\/wp-content\/uploads\/2022\/10\/znaki-drogowe-1024x576.jpg 1024w, https:\/\/sp1niepolomice.pl\/wp-content\/uploads\/2022\/10\/znaki-drogowe-768x432.jpg 768w\" sizes=\"(max-width: 1140px) 100vw, 1140px\" \/>\t\t\t\t\t\t\t\t\t\t<\/a>\n\t\t\t\t\t\t\t\t\t\t\t\t\t\t\t\t\t\t<h3 class=\"ha-post-tab-title\"><a href=\"https:\/\/sp1niepolomice.pl\/?p=5513\">Szkolny Konkurs BRD<\/a><\/h3>\n\t\t\t\t\t\t\t\t\t\t\t\t\t\t\t\t\t\t\t\t<div class=\"ha-post-tab-meta\">\n\t\t\t\t\t\t\t\t\t\t\t\t\n\n\t\t\t\t\t\t\t\t\t\t\t\t\n\t\t\t\t\t\t\t\t\t\t\t\t\t<span class=\"ha-post-tab-meta-date\">\n\t\t\t\t\t\t\t\t\t\t\t\t\t\t<i class=\"fa fa-calendar-o\"><\/i>\n\t\t\t\t\t\t\t\t\t\t\t\t\t\t<a href=\"https:\/\/sp1niepolomice.pl\/?m=20221027\">\n\t\t\t\t\t\t\t\t\t\t\t\t\t\t27 pa\u017adziernika 2022\t\t\t\t\t\t\t\t\t\t\t\t\t\t<\/a>\n\t\t\t\t\t\t\t\t\t\t\t\t\t<\/span>\n\n\t\t\t\t\t\t\t\t\t\t\t\t\n\t\t\t\t\t\t\t\t\t\t\t<\/div>\n\t\t\t\t\t\t\t\t\t\n\t\t\t\t\t\t\t\t\t\t\t\t\t\t\t\t\t<\/div>\n\t\t\t\t\t\t\t<\/div>\n\t\t\t\t\t\t\t\t\t\t\t\t<\/div>\n\t\t\t\t<\/div>\n\t\t\t<\/div>\n\t\t\t\t\t\t\t<\/div>\n\t\t\t\t<\/div>\n\t\t\t\t\t<\/div>\n\t\t<\/div>\n\t\t\t\t\t<\/div>\n\t\t<\/section>\n\t\t\t\t<\/div>\n\t\t","protected":false},"excerpt":{"rendered":"<p>ROK SZKOLNY 2024\/2025 ROK SZKOLNY 2023\/2024 Wyniki konkurs\u00f3w Wyniki Szkolnego Konkursu Kol\u0119d i Pastora\u0142ek 5 grudnia 2024 Wyniki konkurs kol\u0119d<\/p>\n","protected":false},"author":2,"featured_media":0,"parent":0,"menu_order":0,"comment_status":"closed","ping_status":"closed","template":"","meta":{"colormag_page_container_layout":"default_layout","colormag_page_sidebar_layout":"default_layout","footnotes":""},"class_list":["post-3901","page","type-page","status-publish","hentry"],"_links":{"self":[{"href":"https:\/\/sp1niepolomice.pl\/index.php?rest_route=\/wp\/v2\/pages\/3901","targetHints":{"allow":["GET"]}}],"collection":[{"href":"https:\/\/sp1niepolomice.pl\/index.php?rest_route=\/wp\/v2\/pages"}],"about":[{"href":"https:\/\/sp1niepolomice.pl\/index.php?rest_route=\/wp\/v2\/types\/page"}],"author":[{"embeddable":true,"href":"https:\/\/sp1niepolomice.pl\/index.php?rest_route=\/wp\/v2\/users\/2"}],"replies":[{"embeddable":true,"href":"https:\/\/sp1niepolomice.pl\/index.php?rest_route=%2Fwp%2Fv2%2Fcomments&post=3901"}],"version-history":[{"count":17,"href":"https:\/\/sp1niepolomice.pl\/index.php?rest_route=\/wp\/v2\/pages\/3901\/revisions"}],"predecessor-version":[{"id":10966,"href":"https:\/\/sp1niepolomice.pl\/index.php?rest_route=\/wp\/v2\/pages\/3901\/revisions\/10966"}],"wp:attachment":[{"href":"https:\/\/sp1niepolomice.pl\/index.php?rest_route=%2Fwp%2Fv2%2Fmedia&parent=3901"}],"curies":[{"name":"wp","href":"https:\/\/api.w.org\/{rel}","templated":true}]}}